 (base 10) in base 13?
c40
What is -33212 (base 4) in base 14?
-514
Convert -21220 (base 6) to base 9.
-3863
Convert 420403 (base 5) to base 8.
33035
Convert 33322 (base 4) to base 14.
52a
Convert -2b3 (base 15) to base 9.
-756
-1412 (base 9) to base 4
-100220
What is 2112222 (base 3) in base 7?
5300
-208 (base 9) to base 3
-20022
Convert -11515 (base 8) to base 14.
-1b2d
241600 (base 7) to base 13
16c66
Convert 14287 (base 9) to base 12.
575a
Convert -68c (base 15) to base 3.
-2000220
627 (base 8) to base 2
110010111
12336 (base 9) to base 12
4973
What is -214 (base 10) in base 14?
-114
Convert 431 (base 10) to base 5.
3211
411 (base 9) to base 14
19c
Convert -25106 (base 7) to base 5.
-202242
What is -2397 (base 10) in base 14?
-c33
9160 (base 14) to base 10
24976
405 (base 10) to base 15
1c0
What is 39939 (base 11) in base 8?
157311
What is 10110111 (base 2) in base 7?
351
What is 14025 (base 7) in base 16?
ed0
Convert -c80 (base 13) to base 12.
-1298
What is -32441 (base 6) in base 3?
-20011021
-1745 (base 9) to base 16
-539
-2473 (base 11) to base 15
-e51
What is b4 (base 13) in base 7?
300
What is 433112 (base 5) in base 4?
3212332
What is 4745 (base 12) in base 8?
17445
-2524 (base 6) to base 13
-394
-224222 (base 6) to base 14
-6d5c
What is -111110111100 (base 2) in base 12?
-23b8
3b6 (base 14) to base 15
34d
Convert -36163 (base 7) to base 8.
-22213
1051 (base 6) to base 2
11110111
Convert -1820 (base 13) to base 11.
-2760
Convert 444023 (base 5) to base 11.
10723
Convert -10979 (base 15) to base 11.
-36708
28284 (base 12) to base 16
d984
What is -72867 (base 9) in base 8?
-135736
Convert -100100100 (base 2) to base 14.
-16c
What is 124 (base 6) in base 16?
34
Convert 10100110100 (base 2) to base 16.
534
Convert 1205 (base 7) to base 3.
121112
-100111001 (base 2) to base 6
-1241
-118b (base 12) to base 9
-2638
18b35 (base 15) to base 13
2a635
Convert 4634 (base 7) to base 8.
3233
Convert -200 (base 8) to base 16.
-80
What is -1011100111010 (base 2) in base 12?
-3536
-320 (base 11) to base 2
-110000001
What is 4375 (base 8) in base 7?
6465
What is -11256 (base 14) in base 4?
-22022130
3b (base 14) to base 10
53
What is 4754 (base 9) in base 3?
11211211
-1048 (base 9) to base 7
-2153
What is -5355 (base 6) in base 11?
-a12
Convert -34930 (base 10) to base 16.
-8872
153444 (base 7) to base 11
20656
What is 10022002 (base 3) in base 14?
c3b
170b (base 12) to base 16
abb
-785 (base 9) to base 10
-644
1101101001000 (base 2) to base 15
2109
-11111101111 (base 2) to base 10
-2031
What is 2121 (base 11) in base 13?
137b
64a (base 12) to base 2
1110011010
Convert 344 (base 7) to base 3.
20122
Convert -3224 (base 15) to base 13.
-4aa1
-1217 (base 10) to base 2
-10011000001
What is -1000010100101000 (base 2) in base 16?
-8528
What is -2a7 (base 11) in base 13?
-218
-81 (base 14) to base 12
-95
What is 347c (base 15) in base 5?
324032
-386 (base 15) to base 9
-1080
-10101110 (base 2) to base 15
-b9
Convert -256a (base 13) to base 6.
-40355
Convert 12431 (base 5) to base 6.
4331
What is -3887 (base 9) in base 2?
-101101100010
613 (base 11) to base 8
1344
3a6 (base 11) to base 8
737
Convert -1000221 (base 4) to base 6.
-31053
Convert -105032 (base 6) to base 15.
-296b
Convert -9160 (base 10) to base 4.
-2033020
Convert 596 (base 10) to base 7.
1511
26623 (base 8) to base 13
5406
Convert -2202111 (base 3) to base 6.
-13151
What is -11d (base 15) in base 3?
-100101
Convert -723 (base 10) to base 9.
-883
What is 12416 (base 9) in base 5?
231413
Convert 479 (base 15) to base 14.
526
Convert -545 (base 15) to base 11.
-992
Convert 24348 (base 9) to base 7.
65411
What is -433333 (base 5) in base 6?
-152415
What is 761 (base 10) in base 7?
2135
Convert -b35b (base 16) to base 9.
-68876
-14543 (base 7) to base 6
-30425
Convert -166 (base 14) to base 12.
-1ba
Convert -11b5 (base 12) to base 7.
-5600
What is -4410 (base 16) in base 7?
-101541
Convert 2211120002 (base 3) to base 12.
2836b
Convert -331 (base 10) to base 13.
-1c6
10010 (base 6) to base 16
516
What is 221101202 (base 3) in base 15?
5745
What is -10111100001001 (base 2) in base 5?
-341131
12121021 (base 3) to base 5
112314
-111001110110 (base 2) to base 12
-2186
What is -af (base 16) in base 10?
-175
What is 18b (base 12) in base 3?
100022
344 (base 7) to base 3
20122
What is 358 (base 11) in base 13?
26a
Convert -20100221 (base 4) to base 5.
-2040313
bc96 (base 13) to base 15
7be8
Convert 837 (base 16) to base 8.
4067
Convert 10123013 (base 4) to base 15.
557e
Convert 1022102011 (base 3) to base 11.
1843a
What is -302 (base 12) in base 5?
-3214
What is -7332 (base 10) in base 7?
-30243
What is 15731 (base 8) in base 14?
2853
What is 4420 (base 6) in base 5?
13040
What is -1243202 (base 6) in base 2?
-10000101000010010
What is 415a (base 16) in base 10?
16730
33635 (base 8) to base 14
528d
Convert -57680 (base 9) to base 13.
-1467c
What is 37c5 (base 13) in base 4?
1323333
230442 (base 5) to base 8
20067
What is -2061 (base 16) in base 2?
-10000001100001
6355 (base 9) to base 13
2180
Convert -10564 (base 14) to base 15.
-ba74
Convert -1511 (base 6) to base 3.
-112221
Convert 5dd2 (base 15) to base 2.
100111000011101
-7718 (base 15) to base 16
-6287
60a (base 14) to base 3
1121221
What is 6522 (base 7) in base 13?
1095
What is -1153 (base 6) in base 7?
-555
11110001010 (base 2) to base 6
12534
-39a1a (base 11) to base 13
-2000b
Convert -351302 (base 6) to base 15.
-8dde
-46 (base 15) to base 3
-2110
-31505 (base 6) to base 4
-1003001
1733 (base 11) to base 9
3030
What is 284 (base 12) in base 8?
604
15a3a (base 12) to base 8
74216
What is 6034 (base 8) in base 12?
1964
What is -1100011001000 (base 2) in base 16?
-18c8
Convert 21a8 (base 11) to base 4.
231111
What is -299 (base 16) in base 11?
-555
Convert 10100010100 (base 2) to base 4.
110110
What is 34377 (base 8) in base 6?
151315
What is 11203222 (base 4) in base 8?
54352
What is 2022001 (base 3) in base 15?
76a
What is 13103 (base 5) in base 14?
536
Convert 11 (base 5) to base 12.
6
553 (base 9) to base 3
121210
What is 3123012 (base 4) in base 13?
64c8
Convert -60244 (base 7) to base 9.
-21841
What is c4 (base 13) in base 8?
240
104 (base 15) to base 9
274
Convert -268 (base 13) to base 2.
-110101000
Convert 1b42 (base 12) to base 2.
110100100010
Convert 13102 (base 7) to base 12.
2021
What is -124 (base 9) in base 11?
-94
What is -a (base 15) in base 4?
-22
-951 (base 11) to base 12
-7b5
8649 (base 10) to base 11
6553
-11396 (base 11) to base 10
-16440
What is 111101001101010 (base 2) in base 11?
215aa
461 (base 8) to base 5
2210
11322 (base 4) to base 6
1430
What is 130201 (base 4) in base 8?
3441
Convert 11000000111111 (base 2) to base 5.
343401
Convert c391 (base 15) to base 10.
41311
What is 302101 (base 4) in base 7?
12244
What is -15273 (base 9) in base 16?
-28c2
Convert -15c4 (base 16) to base 2.
-1010111000100
Convert -2 (base 3) to base 9.
-2
What is 37cc (base 13) in base 7?
32104
Convert -403 (base 6) to base 5.
-1042
What is -17073 (base 12) in base 7?
-164655
What is -102202 (base 3) in base 16?
-13d
1110110011111110 (base 2) to base 5
3420140
What is -467 (base 13) in base 6?
-3305
What is -1666 (base 13) in base 3?
-11112001
What is -6136 (base 7) in base 12?
-129a
-320 (base 9) to base 11
-218
Convert 1522 (base 7) to base 10.
604
What is -1127 (base 11) in base 7?
-4214
Convert 10021112200 (base 3) to base 6.
1214500
23131 (base 4) to base 6
3221
What is -24a0 (base 12) in base 9?
-5623
1b26 (base 14) to base 7
20246
Convert 31b (base 13) to base 7.
1356
Convert 1303421 (base 5) to base 6.
313554
510 (base 9) to base 8
636
Convert -4013 (base 6) to base 4.
-31221
-2ed2 (base 16) to base 13
-55c0
Convert 34084 (base 11) to base 8.
140273
-15111 (base 10) to base 13
-6b55
What is 130331 (base 4) in base 16?
73d
What is -240 (base 12) in base 10?
-336
Convert -1517 (base 8) to base 2.
-1101001111
What is -21103 (base 4) in base 2?
-1001010011
What is -1200 (base 4) in base 2?
-1100000
101022102 (base 3) to base 10
7517
a5 (base 16) to base 9
203
-12011102 (base 3) to base 6
-25232
Convert -113 (base 4) to base 12.
-1b
Convert 110000000001 (base 2) to base 11.
2344
5599 (base 10) to base 5
134344
What is 296 (base 13) in ba